Calculate the remainder when x is divided by ((-6)/(-18)*a)/(2/(-24)).
13
Suppose -t = 4*t - 3*c - 35, 0 = 5*t + 4*c. Suppose 3*p - 5 = t*x, -p + 4*x + 0*x - 9 = 0. What is the remainder when 25 is divided by p?
4
Suppose -74*t + 3*t + 297 = -3913 - 50. What is the remainder when 291 + -3*(-2)/3 is divided by t?
53
Let g = 172 - 172. What is the remainder when -69*(1/(-1) - g)*1 is divided by 10?
9
Let d(c) = c**2 + 2*c - 8. Let r be d(-4). Suppose 4*p + 12 = -r*p, a + 4*p = 387. What is the remainder when (a/3 - -3)*12/16 is divided by 26?
24
Let a = -3928 + 4447. What is the remainder when 2620 is divided by a?
25
Suppose 3929 = -88*j + 11321. What is the remainder when 1930 is divided by j?
82
Let v(k) = -k**3 + 9*k**2 + 18*k - 88. Calculate the remainder when 505 is divided by v(3).
5
Calculate the remainder when 960 is divided by (5/2)/((-1625)/(-9100)).
8
What is the remainder when 1/((-1)/((-2284)/11424) + -5) is divided by 22?
21
Let l = 78 - -8531. Calculate the remainder when l is divided by 246.
245
What is the remainder when 63 + (5 - 0) + -10 is divided by 23?
12
Suppose -52 = -2*g - 4*l + 30, -4*l = -2*g + 106. Calculate the remainder when 351 is divided by g.
22
Let c = 14 - 1. Suppose -5*a = 5*r - 35, -2*a - 2*r + 11 = -r. Suppose d = 4*s + 124, a*d = 6*d + 4*s - 224. Calculate the remainder when d is divided by c.
12
Suppose 175*o - 168*o + 21 = 0. Calculate the remainder when ((-9)/o)/1 + 46 + 3 is divided by 32.
20
Let u = 547 - 253. Let g(w) = -16*w + 571. Calculate the remainder when u is divided by g(32).
58
Suppose -y - v + 1763 = 0, 46*v + 28 = 50*v. Calculate the remainder when y is divided by 98.
90
Let u = -760 - -493. Let v = u - -451. Suppose 5*f + 19 = v. What is the remainder when 64 is divided by f?
31
Suppose 364 = 2*r - 4*a, 0 = 2*r - 3*a - 553 + 198. Calculate the remainder when 2287 is divided by r.
155
Suppose 3*f - 88 = -2*d + 6*d, 2*f + d - 66 = 0. Suppose -2*k = -f - 8. What is the remainder when 33 is divided by k?
13
Let t = 34 - 18. Let m(o) = 18*o**2 - 2*o + 1. Let a be m(1). Let c(d) = -d**3 + 18*d**2 - 16*d - 8. What is the remainder when t is divided by c(a)?
7
Let b(c) = 42*c - 555. What is the remainder when b(29) is divided by 95?
93
Suppose 44 = -24*k + 35*k. What is the remainder when 163 is divided by 45/(-2)*9/(-54)*k?
13
Let b be 4 + (-1)/16*-4*0. Suppose -1 = f, -7*y + b*f = -10*y + 209. Calculate the remainder when y is divided by 24.
23
Let y(x) = 60*x**3 - 11*x**2 + 18*x - 7. Calculate the remainder when y(2) is divided by 57.
9
Let j be (-12 + 9)*(-640)/6. Suppose -10*z + j = -6*z. Suppose r - 3*r = 10, 5*x = -r + z. Calculate the remainder when 66 is divided by x.
15
Suppose -21 = 8*g - 133. Calculate the remainder when g is divided by 13/(26/12) - 3.
2
Let u = 421 + -281. Let x = 16 + -18. Calculate the remainder when u is divided by (-3)/((-6)/(-4)*x/24).
20
Suppose -y - 39*h + 34*h = -258, 3*y = 5*h + 934. Calculate the remainder when y is divided by 124.
50
Suppose 5*l = -v + 2472, 0 = -2*v - 1 + 5. Let o = l + -271. What is the remainder when o is divided by 25?
23
Let b(d) = d + 128. What is the remainder when b(32) is divided by 53?
1
Suppose 0 = -7*p - 21*p + 930 + 1086. Calculate the remainder when 174 is divided by p.
30
Suppose 3*v = 3*x - 21, 4*x - 3*x - 4*v = 7. Suppose x*m - 105 = 2*m. What is the remainder when 123/(-24) + (-3)/(-24) + 108 is divided by m?
19
Let w be 130/((-5)/30 + 2/3). Suppose 4*k + 4*b + 65 = 305, 0 = 5*k - 5*b - w. Calculate the remainder when k is divided by 19.
18
Suppose -8 = g + 5*j - 54, -3*g = j - 110. Let u = 879 + -879. Suppose -w - 5*s + 44 + 48 = u, 2*w - 202 = -s. What is the remainder when w is divided by g?
30
Calculate the remainder when 418 is divided by ((-10)/(-7))/(6156/(-280) - -22).
18
Suppose 4*m - 5*z - 433 = 0, 2*z - 262 = -4*m + 192. Calculate the remainder when 1443 is divided by m.
99
Let b be (-16)/(-2) + (-16)/4. Let i(j) = 4*j**2 - 4*j + 3. What is the remainder when (-2025)/(-10) - 2/b is divided by i(4)?
49
Let f = -16 + 31. Suppose 0 = -5*t + g + 586, -4*t + 2*g = 201 - 665. Calculate the remainder when t is divided by f.
13
Suppose -100*m = -19*m - 3726. What is the remainder when 1333 is divided by m?
45
Calculate the remainder when 33103/35 + 6/30 is divided by 12.
10
Suppose -q - 15 + 4 = 0. Suppose 38 = -2*g - 3*f, -4*f - 123 = -2*g - 161. Let h = q - g. Calculate the remainder when 38 is divided by h.
6
Let t(w) = 2*w**3 - w**2 + 85*w + 19. Calculate the remainder when 719 is divided by t(0).
16
Let k be 2/(-10) - (-96)/30. Suppose -29 = 4*j + k. Calculate the remainder when 66/j*(-112)/21 is divided by 15.
14
Suppose 88295 = 358*q - 135813. What is the remainder when q is divided by 14?
10
Suppose 2120 - 196 = -3*s + 29*s. Calculate the remainder when 210 is divided by s.
62
Let i(j) = 7*j + 17. Let f be i(-2). Suppose 4*q - 95 = z - 4*z, f*q + 168 = 6*z. Calculate the remainder when 165 is divided by z.
20
Suppose 2*o - 13 = 4*k + 3*o, -5*k + 15 = -5*o. Let v be (7 + -9 - 5) + k/(-1). Calculate the remainder when (-12)/75*v - 502/(-10) is divided by 18.
15
Suppose 312*u = -343*u + 635*u + 3500. Calculate the remainder when 25023 is divided by u.
173
Calculate the remainder when 1282 is divided by (-12)/108 - (-13)/(819/10150).
155
Let d = -7353 - -7513. What is the remainder when d is divided by 8?
0
Let i(j) = 6*j. Let f = -225 - -235. Suppose -v + 517 = f*v. What is the remainder when v is divided by i(2)?
11
Suppose 5*l - 99*l - 3733 = -21875. What is the remainder when 1589 is divided by l?
45
Let c = 121 - 109. Suppose -2*u + c = -178. Calculate the remainder when u is divided by 12.
11
Let f = 76 - 74. Suppose -f*k + 14 = -58. Let t = 20 + -7. Calculate the remainder when k is divided by t.
10
Let h(i) = -i**3 + 6*i**2 + 21*i + 8. Suppose 6 = -2*x + 2, -5*o - 5*x + 25 = 0. Calculate the remainder when h(o) is divided by 27.
25
Let o(p) = 14*p**2 - 36*p - 202. Calculate the remainder when o(-4) is divided by 9.
4
Let y(m) = m**3 - 11*m**2 + 10*m + 2. Let j be y(3). Calculate the remainder when (-2)/((0 + 3)/(16260/j)) is divided by 34.
33
Suppose 2*w = -4*n + 72, 2*w + 6 = -2*n + 46. Suppose -14 = -3*d + n. Calculate the remainder when 36 is divided by d.
6
Suppose -333 = -96*x + 5331. Let o(m) = -m**2 - m + 52. Let d be o(0). Suppose n + 2*k - 48 = -8, n - d = -5*k. Calculate the remainder when x is divided by n.
27
Suppose 8*x - 7 = 17. Suppose 2*q = -x*i + 197, 4*i - 5*q = -i + 345. Calculate the remainder when i is divided by 8.
3
Suppose -333*t + 323279 = 13251 - 21973. What is the remainder when 3990 is divided by t?
2
Let c(s) = -63*s + 3132. Calculate the remainder when 854 is divided by c(49).
44
What is the remainder when 1925 is divided by (-2314)/(-30) + 10/(-75)?
0
Let g(l) = l**2 - 180*l - 2053. Calculate the remainder when g(-11) is divided by 5/(-1 - 9/(-8)).
8
Let n(m) = -35*m + 155. Let a be n(4). What is the remainder when 2190/(-75)*a/(-6) is divided by 38?
35
Let l = 71 - 68. Let o(i) = -2*i - 8. Let f(j) = -j - 7. Let p(a) = 7*f(a) - 6*o(a). What is the remainder when p(3) is divided by l?
2
Let w(d) = -d**3 + 21*d**2 + 13*d + 20. What is the remainder when w(21) is divided by 13?
7
Suppose -q - 2*v = -13, -3*v = -2*v - 5. Suppose -q*c - 3*s + 6 = -21, -3 = s. What is the remainder when 429 is divided by c?
9
What is the remainder when 613 + -3 - (-4 - (-13 - 1)) is divided by 21?
12
Calculate the remainder when (299 - 0)/(14 + 1760/(-128)) is divided by 59.
16
Suppose -70 + 367 = 9*l. What is the remainder when ((-8)/20)/(55/(-15400)) is divided by l?
13
Suppose 4*h - 17 - 15 = 0. Let g(c) = 60*c + 213. What is the remainder when g(-2) is divided by h?
5
Let d(k) = -84*k + 20. Calculate the remainder when 151 is divided by d(0).
11
Suppose -2*d - 2*d = -2*r + 18, -5*r + 36 = -d. Let p = r + 10. Calculate the remainder when p is divided by (132/(-121))/((-2)/11).
5
Let k(x) = -x**3 + 16*x**2 + 152*x + 3. Calculate the remainder when 328 is divided by k(-7).
64
Suppose -c = 4*c - 5. What is the remainder when ((-23)/2)/(c/(-4)) is divided by -18*8/(-60)*(-27 + 32)?
10
Let u(r) = -r - r**3 - 2 + 19*r**2 + 2*r**3 - 23*r**2. Let z be u(4). Calculate the remainder when 29 is divide